 + 2).
-23
Evaluate -1 - 3 - (62 - 63) - -1.
-2
Calculate (3 - 25) + (-4 - -11) + 3.
-12
Evaluate 30 + (19 - 33) + -12 + (2 - -1).
7
What is (-12 - (16 + -27) - -5) + (3 - -1)?
8
What is the value of (-4 - 4) + (-1 - -1) + 2 + -2?
-8
Calculate 2 - ((2 + -2 - 9) + -19) - 9.
21
What is -16 + (4 + -2 - (12 - 17)) + 12?
3
10 - (-1 - 2 - (-6 + (0 - 7)))
0
2 + 0 + -15 - (-1132 + 1125)
-6
33 + 0 - 14 - 9
10
Evaluate 2 - (-2 - (8 + -15) - 2).
-1
What is (0 - 12) + 3 + 38 + -39?
-10
6 - 0 - ((23 - 5) + 0)
-12
Evaluate 0 - -17 - (8 - (19 + -12)).
16
Calculate 8 + -4 - (-27 + 32) - 5.
-6
What is 6 + -25 + 5 - (-33 - -29)?
-10
Evaluate 1 - 2 - (-13 + 1 - -3) - 6.
2
Evaluate 66 + -59 - (5 - (2 + -4)).
0
What is (-22 - -19 - 4) + (-1 - -27)?
19
What is -20 - (-10 + 16 + -17)?
-9
What is -2 - ((7 - 6) + (1 - 7) - -5)?
-2
Calculate (25 - (44 + -23)) + 9.
13
What is the value of -7 - (4 - 2) - 3?
-12
Evaluate (-43 - (-12 - 5)) + 32.
6
4 - -4 - (16 - (-4 - 0))
-12
Calculate (-5 - -8) + 14 - (-3 - (-2 - 1)).
17
Calculate 9 + (30 - (38 - 5)).
6
What is 11 - (13 - ((5 - (5 - -4)) + 8))?
2
Calculate -3 - (-13 + (19 - 12) - -15).
-12
1 + 0 + (-6 + 1 + 18 - 2)
12
What is -16 - (8 + -11 + -1)?
-12
17 + -53 + 15 + 6 + 3 + -3
-15
Calculate 1 + 2 + -3 + -7 - -12.
5
Calculate 5 + (49 - (-15 + 39)).
30
Calculate 99 - 116 - (2 + -7 - -1 - -3).
-16
Evaluate (-26 - -28 - (-4 - -3)) + -9 + 5.
-1
7 + -17 + 10 + 12
12
What is 27 + 6 - (282 - 241)?
-8
Evaluate (7 - (8 - -1 - (-6 + 10))) + 0.
2
-29 + 0 + -3 - (3 + 4 + -13)
-26
What is the value of -7 + 6 + -5 + 14 + -11?
-3
Evaluate (4 + -4 + 4 - 5) + 0 + 6.
5
-1 - (-5 + 15 + 4)
-15
What is 3 + -8 + -3 + -192 + 161?
-39
What is 17 + 2 + (4 - (12 - 1) - -1)?
13
What is 31 - 11 - (2 + 7)?
11
Calculate 5 + -20 + 9 + (3 - -19).
16
What is the value of 1 + -11 + 2 + 1?
-7
(-10 - 25 - -14) + 13 + -3
-11
What is -47 + 16 + 24 - -5?
-2
Calculate (-13 - (24 + -30) - 2) + (-3 - 0).
-12
What is the value of (9 - (10 + 1 + -6)) + (-3 - -1)?
2
(5 + -7 + 11 - 8) + (1 - -5)
7
Evaluate (2 - 0) + (-44 + 80 - 24).
14
0 + -28 + 147 + -144 - -10
-15
What is the value of -17 - (-18 + 7) - 5?
-11
Calculate -6 + (8 - 0 - (14 + (-25 - -14))).
-1
What is (-8 - -8) + (10 - (-2 + 9 - 1))?
4
What is (-35 + 82 - 37) + (1 + 0 - 5)?
6
What is 10 + (0 - 11) + (-26 - -32)?
5
What is -9 + -8 + -7 + 8?
-16
What is the value of (-96 - -68) + (1 - -54)?
27
Evaluate -16 - 0 - (-4 + -3) - 4.
-13
What is the value of -3 - (19 - 4) - -27?
9
What is 7 - (12 + -24 + 11 - (1 - -6))?
15
What is 1 + -13 - (-98 - -97)?
-11
What is 6 - (21 - 9) - (-2 - (3 + -1))?
-2
Calculate 26 + (-8 - 41) + 45.
22
What is the value of -12 + 0 - (-23 + 10 - -21)?
-20
Evaluate -2 + 1 + 0 - (346 + -342) - -1.
-4
Calculate 1 - -7 - (9 - (-2 - -9)).
6
-5 - (1 + (7 - 1 - 0 - 5))
-7
Evaluate -6 - (-13 - (-11 - 4)).
-8
Calculate 21 - 14 - 9 - -6.
4
Evaluate (0 - -8) + (-8 + 16 - -2).
18
Evaluate (-9 - -22) + -15 + -6.
-8
Evaluate -11 + 13 + -9 + (10 - (2 - 6)).
7
What is -1 + -17 - (-6 + 8 + -4)?
-16
Evaluate (0 - (4 - (5 - (6 + 0)))) + 20.
15
What is (0 - (0 + -2)) + -8 - (-153 - -144)?
3
What is 19 - 12 - (10 - 10)?
7
1 + 3 + -1 + -14 + 6 + -4
-9
Calculate -33 + (70 - 25 - 4).
8
What is the value of 2 - -2 - (-286 - -304)?
-14
Evaluate (6 - 2) + -63 + 43.
-16
Calculate -5 + 0 + (0 + -7 - (11 - 15)).
-8
Calculate -32 + 13 + 8 - (-6 - -7) - -19.
7
What is 5 - -2 - 3 - 20?
-16
-5 + (-4 - (9 - 11)) + -5
-12
3 + -8 + (10 - -1 - 11)
-5
What is the value of 511 + -559 + (2 - -27)?
-19
-16 + (3 - (-17 - -5))
-1
5 + (4 + -7 - 0) + -13
-11
-11 + 21 + -12 + (-1 - 1) - 7
-11
Calculate 12 + -26 + 9 - (-11 - 12).
18
Evaluate 6 - (-7 - (3 + 1 + -18 + -1)).
-2
Evaluate -17 + 1 - (-26 + 5).
5
What is 2 + 16 + (-36 - (-5 - 35))?
22
(1 - -33) + (-154 - -128)
8
(0 - 1 - 11) + (33 - 7)
14
(9 - 0) + -17 + 6 + -9
-11
Calculate 20 - (54 - 24) - -13.
3
What is (-20 - -15) + 0 + -3?
-8
What is (-51 - -41 - (-5 - -1)) + 0 + 12?
6
What is the value of 9 - -8 - 2 - (-29 - -26)?
18
Evaluate -20 - (-12 - -18 - 19).
-7
(5 - 24) + 1 + 24
6
Evaluate 1 - (-4 - (3 - -2)) - (-9 + 2).
17
Evaluate (14 - (-8 + 16)) + -19 + 5.
-8
What is the value of -4 + 6 + -2 - (237 + -240)?
3
(4 - 2) + (3 - 10) - (57 + -58)
-4
What is 124 - 107 - (1 - ((3 - 7) + 1))?
13
Evaluate -34 + 41 - (1 - 0 - (-3 - -6)).
9
What is 3 + 1 + 36 + (3 - 18) + -42?
-17
-11 + (296 - 310) + (1 - -25)
1
(0 - -12) + (-314 - -309)
7
What is (82 - 77 - (9 + 1)) + (1 - 9)?
-13
0 + (-4 - 5) + (-17 - -17)
-9
Calculate -14 + 32 + -2 - 2.
14
What is the value of 2 + 3 - (-13 + 9) - 3?
6
What is 2 + 2 + 2 + -10 + -9 + 14?
1
What is -12 + (-13 - -14) + -6?
-17
What is the value of -11 + 11 + (3 - -12) + -16 + 19?
18
Evaluate -1 + (-9 - (13 + -7 + -17)).
1
Evaluate 196 - 202 - ((-1 - 2) + 5 + -2).
-6
What is (-6 - -6) + -7 + -3 - (-4 - -4)?
-10
-12 + -4 + 6 - (-7 + 9 - 26)
14
What is -40 - -10 - (-15 + 10)?
-25
-2 + 16 - (-14 - -36)
-8
(-9 - -8 - ((2 - 4) + -5)) + -5
1
Evaluate (-31 - -57) + (-3 - (-1 + 0) - -4).
28
What is 148 - 166 - (-4 + -4 + 2)?
-12
Calculate (-15 - -1) + -3 - (-7 + (22 - 11)).
-21
186 + -203 + (0 - 0) + 0
-17
What is the value of -23 + 3 + (21 - (9 + 2)) - -48?
38
Calculate (-19 - -5) + 5 - -5.
-4
Evaluate (-27 - -18) + 13 + (-15 - 0).
-11
33 + -5 - (255 - 240)
13
Calculate 13 - 8 - (-24 + 10 + 9).
10
What is (14 - 1) + (-3 - -89) + -97?
2
-243 + 217 + (66 - 3)
37
What is the value of 21 - (-2 + -14 - (-102 + 91))?
26
What is -10 - -3 - (13 + -29) - 18?
-9
What is (-1 - 19) + (13 - 15 - 3) + 12?
-13
What is the value of -2 - (1 + 2 + -6) - 3 - -6?
4
-16 - (5 - 6) - (11 + 7 + -12)
-21
-13 + (-4 + -2 + 1 - (-5 + -1))
-12
What is the value of (34 + -40 + 2 + 10 - 24) + -2?
-20
What is -3 + -6 + -2 + -3 + 0?
-14
Calculate -7 + 2 - (-160 - -160).
-5
Calculate (29 - -10) + 0 + -21.
18
What is -6 - (-21 + -15 + (11 - -21))?
-2
What is the value of (1 + -2 - (-82 + 87)) + 11?
5
What is 66 - (23 + 9 + 5)?
29
-36 + 42 - (-17 + 12)
11
Calculate -6 - (17 - (9 - -14)).
0
(32 + -14 - 7) + 12 - 5
18
0 + -8 + -209 + 218 + (13 - -4)
18
Calculate -11 + (2 - 0) + 3 - -4.
-2
Evaluate 53 - -1 - (-1722 + 1735).
41
Calculate 3 - -23 - (-6 - -3 - -13).
16
Evaluate (-28 - (-17 + (-12 - -18))) + 9.
-8
Calculate 289 + -323 - (-12 + -4).
-18
What is 22 - (17 + (-7 - 5) + (1 - 0))?
16
What is the value of -10 - (7 + -2 + (3 - 11)) - -6?
-1
Evaluate 2 + 19 + -5 + (-144 - -125).
-3
What is the value of 18 + -19 + (-3 - (-19 + -5))?
20
Evaluate (-65 - -63) + -1 + (-5 - -12).
4
What is -3 + -4 - (-59 + 48)?
4
Calculate 23 + (31 - (9 - -26)).
19
-5 + 1 - (3 + -3) - (39 - 37)
-6
What is 11 + (-35 - -29 - (1 + -5 + 2))?
7
Calculate 4 - (-5 - -10) - 9.
-10
Evaluate (0 - (-4 + (-6 - 0) - -1)) + -4.
5
Calculate (-6 - -1 - 2) + (17 - (16 + -21)).
15
Evaluate (-7 - 3 - (-14 + 4)) + -27.
-27
What is the value of -6 - ((4 - -2) + 0 - 1)?
-11
4 - 5 - (0 - -10)
-11
Evaluate -2 + 5 + -16 + 5.
-8
Calculate (-13 - (8 + 7 + -34)) + 12.
18
What is the value of -24 + -1 + 10 + 5?
-10
What is the value of (-2 - -1) + 1 - (-23 + 9 + 10)?
4
What is -8 - (-9 + -6) - -25 - -3?
35
Calculate 27 - (-28 + 50 + 8).
-3
What is -11 - -11 - 21 - -31?
10
What is the value of -4 + -2 - -2 - (-268 - -258)?
6
Calculate -3 - 1 - (-200 - -182).
14
9 + (-15 - -36) - 22
8
What is -31 + (8 + 4 + -9 - 0 - -3)?
-25
What is the value of (-1 - -2) + 2 + (11 + -3 - 1)?
10
Calculate 51 + -18 - 8 - 41.
-16
Calculate -22 + (11 - (-12 - -16)) + 6.
-9
What is 0 + -8 - (-5 + 3)?
-6
What is the value of 24 + -16 + 3 + -6?
5
Evaluate 26 + -14 + (-6 - 0) + -3.
3
What is the value of (-3 - 0) + (0 - -4) - (-14 - -4)?
11
-20 + -1 + (8 - -5)
-8
What is (-2 - -1) + 0 - (-4 - -5)?
-2
Calculate 2 - (-2 + 13 + 1 + 5 + -9).
-6
0 + (-14 - -18) + 0 - (1 + 8)
-5
What is (3 - (6 + -12)) + 2 + 4?
15
What is the value of (1 - (-4 - -2)) + (16 - 26)?
-7
(-18 - (-42 - -17)) + 3
10
What is the value of -1 - (16 - 24 - -16)?
-9
What is the value of (3 - 3) + 14 - (68 + -71)?
17
Calculate -3 - -13 - 14 - (2 - (-9 + -2)).
-17
Calculate 3 + (-6 - (0 - 0 - 5)).
2
What is -14 + 1 - (4 + 26 - 37)?
-6
(-21 - -28) + (-3 - (6 + -3))
1
What is (6 + 9 + -29 - -15) + -1 + 17?
17
What is 21 + -1 + (-48 - -45)?
17
(5 - 0) + 6 + 12 + -8
15
Calculate 3 - ((12 + -3 - 17) + 